 l + 60. List the prime factors of u(y).
2, 3, 5
List the prime factors of 7/1 - (-2)/2*-4.
3
Let l be 0/((4/8 - 1)*2). List the prime factors of (-1 - 0)*876/(l + -6).
2, 73
Let v(r) = -400*r + 4. List the prime factors of v(-6).
2, 601
Let k(t) = -4*t**2 + 2. Let u be k(2). List the prime factors of (-10 - 2)/(3/u) + -3.
53
Let u = -5 - -7. Let l be 0/1 + u + 0. Suppose -4*b - 5*r = -0*r - 119, l*b = 2*r + 46. List the prime factors of b.
2, 13
Suppose 3*j + 52 = -4*u, 3*j + 2*u + 37 = -19. Let h(y) = -60*y + 472. Let t be h(8). Let b = t - j. What are the prime factors of b?
2, 3
Let s(h) = 40*h + 3. Let k be s(3). Suppose 4*a + 61 = -b, 2*b - a + 155 = 2*a. Let c = k + b. What are the prime factors of c?
2, 5
Suppose -8*x - 18400 = -24*x. List the prime factors of x.
2, 5, 23
Let c = 26 + -10. Suppose -3*y = -5*x + c, -4*x - 5*y = 7 - 42. Let s(v) = -v**2 + 7*v - 1. What are the prime factors of s(x)?
3
Suppose 8*y - 451 - 7973 = 0. List the prime factors of y.
3, 13
Let c(x) = 36*x - 35. List the prime factors of c(13).
433
Suppose 4*d = 205 + 2211. List the prime factors of (-4 + d)/5 + 0.
2, 3, 5
Suppose -3*r + r + 828 = 3*h, 4*r + 3*h = 1668. What are the prime factors of r?
2, 3, 5, 7
Suppose 4*l = l + c + 26, 15 = 2*l - 3*c. Suppose 360 = -3*j + l*j. What are the prime factors of j?
2, 3, 5
Suppose 0 = 3*o + 2*p + 3*p - 641, 402 = 2*o - 3*p. List the prime factors of o.
3, 23
Suppose 12*d = 16*d - 160. Let m = -32 + 8. Let b = m + d. List the prime factors of b.
2
What are the prime factors of 14/(-56) + (-4410)/(-8)?
19, 29
Suppose 0 = y - 2 - 0, -2*f - y = -6. Suppose 1 = f*a - a + j, -2*j = -5*a - 23. List the prime factors of 3 - (a - (2 - 0)).
2
Let v(f) = 14*f - 2. Let l(o) be the third derivative of -o**4/24 - o**3/2 - 9*o**2. Let a be l(-8). List the prime factors of v(a).
2, 17
Let y = -30 - -104. What are the prime factors of y?
2, 37
Let q = 5456 - 816. What are the prime factors of q?
2, 5, 29
Suppose 1519*g + 15660 = 1537*g. List the prime factors of g.
2, 3, 5, 29
Let y(u) = -1 + 9*u + 1 + 3 - 1. What are the prime factors of y(10)?
2, 23
Suppose 5*y + 405 = 2*l, 4*l = 10*y - 5*y + 795. What are the prime factors of l?
3, 5, 13
Let s(z) = -10*z + 371. List the prime factors of s(-38).
751
Suppose 0 = -7*o - 4*o. What are the prime factors of 2*35 + 2 + (o - 0)?
2, 3
Suppose 3*g + 2*g - y = 7252, -3*y - 5806 = -4*g. What are the prime factors of 2/5*g/5?
2, 29
Let h(a) = -a**2 + 14*a + 7. Let j be ((-2)/5)/(9/(-225)). What are the prime factors of h(j)?
47
Let g(k) = k**2 + 35. Let s(h) be the first derivative of -35*h - 5. Let v(j) = -2*g(j) - 3*s(j). List the prime factors of v(0).
5, 7
Suppose 0 = 39*p - 43*p + 4, p = 5*w - 389. What are the prime factors of w?
2, 3, 13
Suppose -3*l = l + 3*c - 21, 4*l = 2*c + 46. Suppose -r + 1030 = l*r. List the prime factors of r.
103
Suppose 0 = -v - 3*v + 1036. Suppose v = -2*s + 9*s. What are the prime factors of s?
37
Let n = 180 + -47. What are the prime factors of n?
7, 19
Let n(k) = 85*k**2 + 47*k + 1. What are the prime factors of n(4)?
1549
Let v(b) be the third derivative of -b**4/12 - 5*b**3/6 - 9*b**2. Suppose -i = -3, 3*c + 0*i = 4*i - 39. List the prime factors of v(c).
13
Let w = 54 - 51. Let j(f) = f**3 - 2*f**2 - f + 5. List the prime factors of j(w).
11
Let y = -50 + 84. Suppose y*b + 9 = 33*b. Let w(a) = a**2 + 8*a - 5. List the prime factors of w(b).
2
Let x(j) = 24*j + 276. What are the prime factors of x(7)?
2, 3, 37
Suppose -4*y = -3*m - 0*m - 24, -4*m - 13 = y. Let x be 7 - (5 - y - -1). Suppose u - 335 = -x*u. What are the prime factors of u?
67
Let j(f) = 4*f**2 - 3*f - 3. Suppose -2*v = x - 8, -4*v + 7 = 2*x - 9*v. List the prime factors of j(x).
3, 41
Let g = 148 - -40. Suppose -k = -2*x + 147 - 31, -3*x = 2*k - g. List the prime factors of x.
2, 3, 5
Let r(q) = -1. Let c(g) = 21*g**2 - 2*g + 3. Let d(i) = c(i) - 4*r(i). List the prime factors of d(3).
2, 5, 19
Suppose 0 = 4*s - 5*r - 31, 0*s - r - 11 = -2*s. List the prime factors of s/6 + (-892)/(-12).
3, 5
Let q = -340 - -885. List the prime factors of q.
5, 109
Suppose 0 = 2*q + 81 - 17. Let z = 32 + q. Suppose -2*w + z*w + 126 = 0. List the prime factors of w.
3, 7
Suppose 2*q = -3*o - 1151, -4*q - 1618 = 4*o + 682. What are the prime factors of q*(-3 + 3 + (-2)/4)?
7, 41
Let h(j) = -2*j**3 + 3*j**2 - 3*j + 2. Let i be h(1). Suppose -2*r + 464 = 4*w, i = -r + w + 120 + 127. What are the prime factors of r?
2, 11
Suppose 2*d - 10 = 10. Let h = -33 - -46. Let x = h - d. List the prime factors of x.
3
Let r(w) be the second derivative of 0 - 4*w + 0*w**2 + 1/2*w**3. List the prime factors of r(6).
2, 3
Let f = -19 - -25. Suppose -105 = -f*l + 27. Suppose 18*g + 208 = l*g. List the prime factors of g.
2, 13
Let z(c) be the first derivative of 14*c**2 - 2*c + 1. What are the prime factors of z(2)?
2, 3
Suppose 2*m = -0*m + 5*h - 7, 5*m = h + 17. Let x = 6 - m. Suppose -x*q - 108 = -6*q. List the prime factors of q.
3
Let d = -11 + 15. Suppose f - 20 = -5*y - 0*y, d*y + 5*f = 16. Let n = 67 + y. List the prime factors of n.
71
Suppose 1107 = 8*l - 413. What are the prime factors of l?
2, 5, 19
Suppose 0 = 41*k - 36*k - 4370. What are the prime factors of k?
2, 19, 23
Let p be (-3 + 2)*(0 - 2). Suppose -r - 2*l = -37, -5*r + 212 = p*l - l. What are the prime factors of r?
43
Suppose 20*k = 18*k - 3*a + 9382, -4*k - 5*a + 18760 = 0. What are the prime factors of k?
5, 937
Let j(x) = 113*x - 95. What are the prime factors of j(5)?
2, 5, 47
Suppose 0 = -6*m + 2*m + 16. What are the prime factors of 128/m + -1 + 2?
3, 11
Suppose -5*h + 14 = 4*z, z = -5*h - 5 + 16. Suppose 0 = h*f - 5 - 63. List the prime factors of f.
2, 17
Let k(g) be the third derivative of g**6/120 - 3*g**5/20 + g**4/24 - g**3/3 - 8*g**2. Let j be k(9). Suppose -62 = -5*n - j. What are the prime factors of n?
11
Let i be (10 + -12)*113/(-2). Let d = i + -56. List the prime factors of d.
3, 19
What are the prime factors of 7/2*(224 + -82)?
7, 71
Let t(s) = -s**2 - 12*s - 7. Let k be t(-11). List the prime factors of k/(-30) + (-17973)/(-135).
7, 19
Suppose 3*a + 3*z = -81, 5*z + 23 - 105 = 2*a. Let m = a + 59. List the prime factors of m.
2, 7
Suppose q - 2*t = -6*t + 1435, -7154 = -5*q + t. List the prime factors of q.
3, 53
Let u be (-8 + 5 + -3 + 2)*2. List the prime factors of (4/u + 993/(-6))/(-2).
83
Let c(h) = -8 + 4*h - 12 - h**3 + 17 + h**2. Let d be c(2). What are the prime factors of (57/9)/(d/6)?
2, 19
Let a = 196 - -680. What are the prime factors of a?
2, 3, 73
Let x = 142 + -142. Suppose x = 4*p - 9*p + 50. What are the prime factors of p?
2, 5
Suppose -369 = -4*y + o, -2*o + 1 = -3*o. Suppose b + 9 = -3*g + 53, -5*g + 3*b = -y. What are the prime factors of g?
2
Suppose -2*r = 3*i + 7, 5*i + 17 + 8 = 0. Suppose 126 = 2*l + r*c, 0 = 2*c - 7*c + 10. What are the prime factors of l?
59
Let n(a) = -2*a + 4. Let v be n(-6). Let f(w) = -15*w**2 + 0 + v*w**2 - 8. What are the prime factors of f(-6)?
2, 7
Suppose 2*x + 10 = 7*x. Suppose 120 = 2*g + x*d, 3*g - 6*g + 174 = d. What are the prime factors of g?
3, 19
Suppose -4*f - 21 + 9 = 0, -3 = -4*i - 3*f. Let z(l) = l**3 + 4*l**3 - 5*l**2 - 3*l**3 + 3*l - l. What are the prime factors of z(i)?
3, 5
Let t(s) = 2*s + 22. Let n be t(-10). List the prime factors of -4 - 345/(-10)*n.
5, 13
Let i = -47 - -39. What are the prime factors of -10*(0 - (-12)/i)*6?
2, 3, 5
Suppose 7*v + 4*v + 2475 = 0. Let g = -161 - v. What are the prime factors of g?
2
Suppose 4*u = 13 - 105. List the prime factors of 4/16 + 18/(-8)*u.
2, 13
Suppose 0 = -0*o - 2*o + 198. Suppose -2*q - 17 = -o. What are the prime factors of q?
41
Let c = -100 - -133. What are the prime factors of (-4)/(-3) - (-8470)/c?
2, 3, 43
Let w = 206 + -789. Let u = w + 823. List the prime factors of u.
2, 3, 5
Suppose 4*p - 5*p = -2*y - 101, -4*p = -3*y - 384. Suppose -5*m + 2*c = -p, 3*m + 5*c + 37 = 4*m. List the prime factors of m/4 - (-20)/(-80).
2
Suppose 19*k + 2*k = 5418. List the prime factors of k.
2, 3, 43
List the prime factors of (-8)/(-20) - (3 - 5709/15).
2, 3, 7
Let y = -856 + 1816. List the prime factors of y.
2, 3, 5
Let v(u) = 3*u + 2*u**2 + 2 + 0 + 2*u + 4. Suppose -3*x = 2*x + 15. What are the prime factors of v